{"id":2,"date":"2021-11-30T15:09:00","date_gmt":"2021-11-30T20:09:00","guid":{"rendered":"https:\/\/sites.nd.edu\/midwestscv2022\/?page_id=2"},"modified":"2022-04-30T17:07:10","modified_gmt":"2022-04-30T21:07:10","slug":"a-celebration-of-mei-chi-shaws-mathematical-legacy","status":"publish","type":"page","link":"https:\/\/sites.nd.edu\/midwestscv2022\/","title":{"rendered":"A Conference in Honor of Mei-Chi Shaw"},"content":{"rendered":"\n<div class=\"wp-block-columns is-layout-flex wp-container-core-columns-is-layout-9d6595d7 wp-block-columns-is-layout-flex\">\n<div class=\"wp-block-column is-layout-flow wp-block-column-is-layout-flow\" style=\"flex-basis:33.33%\">\n<p><img loading=\"lazy\" decoding=\"async\" class=\"alignnone size-medium wp-image-115\" src=\"http:\/\/sites.nd.edu\/midwestscv2022\/files\/2021\/12\/ShawPhoto-by-Sister-300x300.jpg\" alt=\"\" width=\"300\" height=\"300\" srcset=\"https:\/\/sites.nd.edu\/midwestscv2022\/files\/2021\/12\/ShawPhoto-by-Sister-300x300.jpg 300w, https:\/\/sites.nd.edu\/midwestscv2022\/files\/2021\/12\/ShawPhoto-by-Sister-1024x1024.jpg 1024w, https:\/\/sites.nd.edu\/midwestscv2022\/files\/2021\/12\/ShawPhoto-by-Sister-150x150.jpg 150w, https:\/\/sites.nd.edu\/midwestscv2022\/files\/2021\/12\/ShawPhoto-by-Sister-768x768.jpg 768w, https:\/\/sites.nd.edu\/midwestscv2022\/files\/2021\/12\/ShawPhoto-by-Sister.jpg 1070w\" sizes=\"auto, (max-width: 300px) 100vw, 300px\" \/><\/p>\n<p><strong><em>ORGANIZERS<\/em><br><\/strong>Dan Coman, Syracuse University<br>Jeff Diller, University of Notre Dame<br>Siqi Fu, Rutgers University<br>Qing Han, University of Notre Dame<br>Loredana Lanzani, Syracuse University<\/p>\n<\/div>\n\n\n\n<div class=\"wp-block-column is-layout-flow wp-block-column-is-layout-flow\"><\/div>\n\n\n\n<div class=\"wp-block-column is-layout-flow wp-block-column-is-layout-flow\"><\/div>\n\n\n\n<div class=\"wp-block-column is-layout-flow wp-block-column-is-layout-flow\"><\/div>\n\n\n\n<div class=\"wp-block-column is-layout-flow wp-block-column-is-layout-flow\" style=\"flex-basis:66.66%\">\n<h2 class=\"wp-block-heading\">April 29 &#8211; May 1, 2022<br>University of Notre Dame<\/h2>\n\n\n\n<h3><em>INVITED SPEAKERS<\/em><strong><br \/>David Barrett<br \/>Eric Bedford<\/strong><br \/><strong>Debraj Chakrabarti<\/strong><strong><br \/>Anne-Katrin Gallagher<\/strong><br \/><strong>Phillip Harrington<br \/>Joseph Kohn<br \/><\/strong><strong>Christine Laurent-Thi\u00e9baut<br \/><\/strong><strong>L\u00e1szl\u00f3 Lempert<\/strong><br \/><strong>Duong Hong Phong<\/strong><br \/><strong>Emil Straube<\/strong><br \/><strong>Liz Vivas<\/strong><br \/><strong>Paul Yang<br \/>Yuan Yuan<\/strong><\/h3>\n<\/div>\n<\/div>\n\n\n\n<figure class=\"wp-block-image size-large\"><img loading=\"lazy\" decoding=\"async\" width=\"1024\" height=\"379\" src=\"http:\/\/sites.nd.edu\/midwestscv2022\/files\/2022\/04\/MidwestSCV-2022-1024x379.jpg\" alt=\"\" class=\"wp-image-202\" srcset=\"https:\/\/sites.nd.edu\/midwestscv2022\/files\/2022\/04\/MidwestSCV-2022-1024x379.jpg 1024w, https:\/\/sites.nd.edu\/midwestscv2022\/files\/2022\/04\/MidwestSCV-2022-300x111.jpg 300w, https:\/\/sites.nd.edu\/midwestscv2022\/files\/2022\/04\/MidwestSCV-2022-768x284.jpg 768w, https:\/\/sites.nd.edu\/midwestscv2022\/files\/2022\/04\/MidwestSCV-2022-1536x569.jpg 1536w, https:\/\/sites.nd.edu\/midwestscv2022\/files\/2022\/04\/MidwestSCV-2022.jpg 1693w\" sizes=\"auto, (max-width: 1024px) 100vw, 1024px\" \/><\/figure>\n\n\n\n<div class=\"wp-block-columns is-layout-flex wp-container-core-columns-is-layout-9d6595d7 wp-block-columns-is-layout-flex\">\n<div class=\"wp-block-column is-layout-flow wp-block-column-is-layout-flow\" style=\"flex-basis:33.33%\">\n<p class=\"has-small-font-size\"><strong><em>This conference is generously supported by: <a href=\"https:\/\/www.nsf.gov\/\">National Science Foundation<\/a><\/em><br><em><a href=\"https:\/\/math.nd.edu\/\">Notre Dame Department of Mathematics<\/a><\/em><br><em><a href=\"https:\/\/science.nd.edu\/\">Notre Dame College of Science<\/a><\/em><br><em><a href=\"https:\/\/research.nd.edu\/\">Notre Dame Research<\/a><\/em><\/strong><\/p>\n<\/div>\n\n\n\n<div class=\"wp-block-column is-layout-flow wp-block-column-is-layout-flow\"><\/div>\n\n\n\n<div class=\"wp-block-column is-layout-flow wp-block-column-is-layout-flow\" style=\"flex-basis:66.66%\">\n<p><strong><a href=\"https:\/\/covid.nd.edu\/policies\/visitors-policy\/\"><\/a><strong><a rel=\"noreferrer noopener\" href=\"https:\/\/covid.nd.edu\/policies\/visitors-policy\/\" target=\"_blank\"><strong><\/strong><\/a><strong><a rel=\"noreferrer noopener\" href=\"https:\/\/covid.nd.edu\/policies\/visitors-policy\/\" target=\"_blank\">Notre Dame Covid-19 Protocols<\/a><\/strong><\/strong><br>Campus visitors are strongly encouraged to be vaccinated, and to wear masks inside campus buildings.<\/strong><\/p>\n<\/div>\n<\/div>\n\n\n\n<p><\/p>\n","protected":false},"excerpt":{"rendered":"<p>ORGANIZERSDan Coman, Syracuse UniversityJeff Diller, University of Notre DameSiqi Fu, Rutgers UniversityQing Han, University of Notre DameLoredana Lanzani, Syracuse University April 29 &#8211; May 1, 2022University of Notre Dame INVITED SPEAKERSDavid BarrettEric BedfordDebraj ChakrabartiAnne-Katrin GallagherPhillip HarringtonJoseph KohnChristine Laurent-Thi\u00e9bautL\u00e1szl\u00f3 LempertDuong Hong PhongEmil StraubeLiz VivasPaul YangYuan Yuan This conference is generously supported by: National Science FoundationNotre Dame [&hellip;]<\/p>\n","protected":false},"author":3983,"featured_media":0,"parent":0,"menu_order":0,"comment_status":"closed","ping_status":"open","template":"","meta":{"footnotes":""},"class_list":["post-2","page","type-page","status-publish","hentry"],"_links":{"self":[{"href":"https:\/\/sites.nd.edu\/midwestscv2022\/wp-json\/wp\/v2\/pages\/2","targetHints":{"allow":["GET"]}}],"collection":[{"href":"https:\/\/sites.nd.edu\/midwestscv2022\/wp-json\/wp\/v2\/pages"}],"about":[{"href":"https:\/\/sites.nd.edu\/midwestscv2022\/wp-json\/wp\/v2\/types\/page"}],"author":[{"embeddable":true,"href":"https:\/\/sites.nd.edu\/midwestscv2022\/wp-json\/wp\/v2\/users\/3983"}],"replies":[{"embeddable":true,"href":"https:\/\/sites.nd.edu\/midwestscv2022\/wp-json\/wp\/v2\/comments?post=2"}],"version-history":[{"count":34,"href":"https:\/\/sites.nd.edu\/midwestscv2022\/wp-json\/wp\/v2\/pages\/2\/revisions"}],"predecessor-version":[{"id":203,"href":"https:\/\/sites.nd.edu\/midwestscv2022\/wp-json\/wp\/v2\/pages\/2\/revisions\/203"}],"wp:attachment":[{"href":"https:\/\/sites.nd.edu\/midwestscv2022\/wp-json\/wp\/v2\/media?parent=2"}],"curies":[{"name":"wp","href":"https:\/\/api.w.org\/{rel}","templated":true}]}}